{"id":159,"date":"2019-03-06T22:46:01","date_gmt":"2019-03-06T22:46:01","guid":{"rendered":"https:\/\/cliniquephysiosante.com\/physiotherapie\/?page_id=159"},"modified":"2025-11-26T11:49:58","modified_gmt":"2025-11-26T16:49:58","slug":"services-physiotherapie-sherbrooke","status":"publish","type":"page","link":"https:\/\/www.cliniquephysiosante.com\/physiotherapie\/services-physiotherapie-sherbrooke\/","title":{"rendered":"Services"},"content":{"rendered":"\t\t<div data-elementor-type=\"wp-post\" data-elementor-id=\"159\" class=\"elementor elementor-159\">\n\t\t\t\t\t\t<div class=\"elementor-inner\">\n\t\t\t\t<div class=\"elementor-section-wrap\">\n\t\t\t\t\t\t\t\t\t<section class=\"elementor-section elementor-top-section elementor-element elementor-element-4d00918 elementor-section-stretched elementor-section-height-min-height elementor-section-boxed elementor-section-height-default elementor-section-items-middle\" data-id=\"4d00918\" data-element_type=\"section\" data-settings=\"{&quot;stretch_section&quot;:&quot;section-stretched&quot;,&quot;background_background&quot;:&quot;classic&quot;}\">\n\t\t\t\t\t\t<div class=\"elementor-container elementor-column-gap-no\">\n\t\t\t\t\t\t\t<div class=\"elementor-row\">\n\t\t\t\t\t<div class=\"elementor-column elementor-col-100 elementor-top-column elementor-element elementor-element-2067d06\" data-id=\"2067d06\" data-element_type=\"column\">\n\t\t\t<div class=\"elementor-column-wrap elementor-element-populated\">\n\t\t\t\t\t\t\t<div class=\"elementor-widget-wrap\">\n\t\t\t\t\t\t<div class=\"elementor-element elementor-element-afa558b elementor-widget elementor-widget-heading\" data-id=\"afa558b\" data-element_type=\"widget\" data-widget_type=\"heading.default\">\n\t\t\t\t<div class=\"elementor-widget-container\">\n\t\t\t<h1 class=\"elementor-heading-title elementor-size-default\">La clinique de physioth\u00e9rapie \u00e0 Sherbrooke<\/h1>\t\t<\/div>\n\t\t\t\t<\/div>\n\t\t\t\t\t\t<\/div>\n\t\t\t\t\t<\/div>\n\t\t<\/div>\n\t\t\t\t\t\t\t\t<\/div>\n\t\t\t\t\t<\/div>\n\t\t<\/section>\n\t\t\t\t<section class=\"elementor-section elementor-top-section elementor-element elementor-element-7c5cfd0 elementor-section-boxed elementor-section-height-default elementor-section-height-default\" data-id=\"7c5cfd0\" data-element_type=\"section\" data-settings=\"{&quot;background_background&quot;:&quot;classic&quot;}\">\n\t\t\t\t\t\t<div class=\"elementor-container elementor-column-gap-default\">\n\t\t\t\t\t\t\t<div class=\"elementor-row\">\n\t\t\t\t\t<div class=\"elementor-column elementor-col-33 elementor-top-column elementor-element elementor-element-b50b41d\" data-id=\"b50b41d\" data-element_type=\"column\" data-settings=\"{&quot;background_background&quot;:&quot;classic&quot;}\">\n\t\t\t<div class=\"elementor-column-wrap elementor-element-populated\">\n\t\t\t\t\t\t\t<div class=\"elementor-widget-wrap\">\n\t\t\t\t\t\t<div class=\"elementor-element elementor-element-6daf4ec elementor-widget elementor-widget-spacer\" data-id=\"6daf4ec\" data-element_type=\"widget\" data-widget_type=\"spacer.default\">\n\t\t\t\t<div class=\"elementor-widget-container\">\n\t\t\t\t\t<div class=\"elementor-spacer\">\n\t\t\t<div class=\"elementor-spacer-inner\"><\/div>\n\t\t<\/div>\n\t\t\t\t<\/div>\n\t\t\t\t<\/div>\n\t\t\t\t<div class=\"elementor-element elementor-element-e6c2f05 elementor-widget elementor-widget-heading\" data-id=\"e6c2f05\" data-element_type=\"widget\" data-widget_type=\"heading.default\">\n\t\t\t\t<div class=\"elementor-widget-container\">\n\t\t\t<h2 class=\"elementor-heading-title elementor-size-default\">Physioth\u00e9rapie<\/h2>\t\t<\/div>\n\t\t\t\t<\/div>\n\t\t\t\t<div class=\"elementor-element elementor-element-20c9157 elementor-widget elementor-widget-text-editor\" data-id=\"20c9157\" data-element_type=\"widget\" data-widget_type=\"text-editor.default\">\n\t\t\t\t<div class=\"elementor-widget-container\">\n\t\t\t\t\t\t\t\t<div class=\"elementor-text-editor elementor-clearfix\">\n\t\t\t\t<p>\n<b>Entorses, tendinites, bursites, maux de dos et cou.<\/b><br>\nLes physioth\u00e9rapeutes de chez Physio-Sant\u00e9 sont form\u00e9s pour soigner vos douleurs articulaires et musculaires de toute sorte.<\/p>\t\t\t\t\t<\/div>\n\t\t\t\t\t\t<\/div>\n\t\t\t\t<\/div>\n\t\t\t\t\t\t<\/div>\n\t\t\t\t\t<\/div>\n\t\t<\/div>\n\t\t\t\t<div class=\"elementor-column elementor-col-33 elementor-top-column elementor-element elementor-element-e3a926b\" data-id=\"e3a926b\" data-element_type=\"column\" data-settings=\"{&quot;background_background&quot;:&quot;classic&quot;}\">\n\t\t\t<div class=\"elementor-column-wrap elementor-element-populated\">\n\t\t\t\t\t\t\t<div class=\"elementor-widget-wrap\">\n\t\t\t\t\t\t<div class=\"elementor-element elementor-element-202423f elementor-widget elementor-widget-spacer\" data-id=\"202423f\" data-element_type=\"widget\" data-widget_type=\"spacer.default\">\n\t\t\t\t<div class=\"elementor-widget-container\">\n\t\t\t\t\t<div class=\"elementor-spacer\">\n\t\t\t<div class=\"elementor-spacer-inner\"><\/div>\n\t\t<\/div>\n\t\t\t\t<\/div>\n\t\t\t\t<\/div>\n\t\t\t\t<div class=\"elementor-element elementor-element-099a12c elementor-widget elementor-widget-heading\" data-id=\"099a12c\" data-element_type=\"widget\" data-widget_type=\"heading.default\">\n\t\t\t\t<div class=\"elementor-widget-container\">\n\t\t\t<h2 class=\"elementor-heading-title elementor-size-default\">Ergoth\u00e9rapie<\/h2>\t\t<\/div>\n\t\t\t\t<\/div>\n\t\t\t\t<div class=\"elementor-element elementor-element-456c854 elementor-widget elementor-widget-text-editor\" data-id=\"456c854\" data-element_type=\"widget\" data-widget_type=\"text-editor.default\">\n\t\t\t\t<div class=\"elementor-widget-container\">\n\t\t\t\t\t\t\t\t<div class=\"elementor-text-editor elementor-clearfix\">\n\t\t\t\t<p>La <strong>Clinique Physio-Sant\u00e9<\/strong> offre le<strong> <span style=\"color: #993300;\"><a style=\"color: #993300;\" href=\"http:\/\/ergotherapiesherbrooke.com\/services-ergotherapie-sherbrooke\/\">service d\u2019ergoth\u00e9rapie<\/a><\/span><\/strong> depuis mars 2019 afin de r\u00e9pondre aux besoins grandissants de sa client\u00e8le.\u00a0 [ <span style=\"color: #993300;\"><a style=\"color: #993300;\" href=\"https:\/\/www.ergotherapiesherbrooke.com\/\">Savoir plus<\/a><\/span> ]<\/p>\t\t\t\t\t<\/div>\n\t\t\t\t\t\t<\/div>\n\t\t\t\t<\/div>\n\t\t\t\t<div class=\"elementor-element elementor-element-763ef3d elementor-button-success elementor-align-center elementor-widget elementor-widget-button\" data-id=\"763ef3d\" data-element_type=\"widget\" data-widget_type=\"button.default\">\n\t\t\t\t<div class=\"elementor-widget-container\">\n\t\t\t\t\t<div class=\"elementor-button-wrapper\">\n\t\t\t<a href=\"https:\/\/www.ergotherapiesherbrooke.com\/\" class=\"elementor-button-link elementor-button elementor-size-sm\" role=\"button\">\n\t\t\t\t\t\t<span class=\"elementor-button-content-wrapper\">\n\t\t\t\t\t\t\t<span class=\"elementor-button-icon elementor-align-icon-left\">\n\t\t\t\t<i aria-hidden=\"true\" class=\"fas fa-arrow-circle-right\"><\/i>\t\t\t<\/span>\n\t\t\t\t\t\t<span class=\"elementor-button-text\">VISITE LE SITE WEB<\/span>\n\t\t<\/span>\n\t\t\t\t\t<\/a>\n\t\t<\/div>\n\t\t\t\t<\/div>\n\t\t\t\t<\/div>\n\t\t\t\t\t\t<\/div>\n\t\t\t\t\t<\/div>\n\t\t<\/div>\n\t\t\t\t<div class=\"elementor-column elementor-col-33 elementor-top-column elementor-element elementor-element-5858af4\" data-id=\"5858af4\" data-element_type=\"column\" data-settings=\"{&quot;background_background&quot;:&quot;classic&quot;}\">\n\t\t\t<div class=\"elementor-column-wrap elementor-element-populated\">\n\t\t\t\t\t\t\t<div class=\"elementor-widget-wrap\">\n\t\t\t\t\t\t<div class=\"elementor-element elementor-element-f87381a elementor-widget elementor-widget-spacer\" data-id=\"f87381a\" data-element_type=\"widget\" data-widget_type=\"spacer.default\">\n\t\t\t\t<div class=\"elementor-widget-container\">\n\t\t\t\t\t<div class=\"elementor-spacer\">\n\t\t\t<div class=\"elementor-spacer-inner\"><\/div>\n\t\t<\/div>\n\t\t\t\t<\/div>\n\t\t\t\t<\/div>\n\t\t\t\t<div class=\"elementor-element elementor-element-321e4e0 elementor-widget elementor-widget-heading\" data-id=\"321e4e0\" data-element_type=\"widget\" data-widget_type=\"heading.default\">\n\t\t\t\t<div class=\"elementor-widget-container\">\n\t\t\t<h3 class=\"elementor-heading-title elementor-size-default\">Massoth\u00e9rapie <\/h3>\t\t<\/div>\n\t\t\t\t<\/div>\n\t\t\t\t<div class=\"elementor-element elementor-element-20e24eb elementor-widget elementor-widget-text-editor\" data-id=\"20e24eb\" data-element_type=\"widget\" data-widget_type=\"text-editor.default\">\n\t\t\t\t<div class=\"elementor-widget-container\">\n\t\t\t\t\t\t\t\t<div class=\"elementor-text-editor elementor-clearfix\">\n\t\t\t\t<p><strong>Vous souffrez de tensions et de douleurs musculaires, <\/strong><strong>de raideurs tendineuses et ligamentaires?<br \/><\/strong>Physio-Sant\u00e9 vous offre un service de massoth\u00e9rapie qui permet d&rsquo;assouplir le corps, de r\u00e9duire les spasmes et les contractures.<\/p>\t\t\t\t\t<\/div>\n\t\t\t\t\t\t<\/div>\n\t\t\t\t<\/div>\n\t\t\t\t\t\t<\/div>\n\t\t\t\t\t<\/div>\n\t\t<\/div>\n\t\t\t\t\t\t\t\t<\/div>\n\t\t\t\t\t<\/div>\n\t\t<\/section>\n\t\t\t\t<section class=\"elementor-section elementor-top-section elementor-element elementor-element-a12a7cc elementor-section-boxed elementor-section-height-default elementor-section-height-default\" data-id=\"a12a7cc\" data-element_type=\"section\" data-settings=\"{&quot;background_background&quot;:&quot;classic&quot;}\">\n\t\t\t\t\t\t<div class=\"elementor-container elementor-column-gap-default\">\n\t\t\t\t\t\t\t<div class=\"elementor-row\">\n\t\t\t\t\t<div class=\"elementor-column elementor-col-50 elementor-top-column elementor-element elementor-element-60cc8f7\" data-id=\"60cc8f7\" data-element_type=\"column\">\n\t\t\t<div class=\"elementor-column-wrap elementor-element-populated\">\n\t\t\t\t\t\t\t<div class=\"elementor-widget-wrap\">\n\t\t\t\t\t\t<div class=\"elementor-element elementor-element-1fdf858 elementor-widget elementor-widget-heading\" data-id=\"1fdf858\" data-element_type=\"widget\" data-widget_type=\"heading.default\">\n\t\t\t\t<div class=\"elementor-widget-container\">\n\t\t\t<h4 class=\"elementor-heading-title elementor-size-default\"><font color=\"#FFFFFF\"><b>Traitements en physioth\u00e9rapie \u00e0 Sherbrooke<\/b><\/font><br><span><font color=\"#ffffcc\" size=\"3\">\nNotre approche assure une r\u00e9cup\u00e9ration optimale et pr\u00e9vient les r\u00e9cidives.\n \n <\/font><\/span><\/h4>\t\t<\/div>\n\t\t\t\t<\/div>\n\t\t\t\t\t\t<\/div>\n\t\t\t\t\t<\/div>\n\t\t<\/div>\n\t\t\t\t<div class=\"elementor-column elementor-col-50 elementor-top-column elementor-element elementor-element-02d9cb3\" data-id=\"02d9cb3\" data-element_type=\"column\">\n\t\t\t<div class=\"elementor-column-wrap elementor-element-populated\">\n\t\t\t\t\t\t\t<div class=\"elementor-widget-wrap\">\n\t\t\t\t\t\t<div class=\"elementor-element elementor-element-1ed0db6 elementor-widget elementor-widget-image\" data-id=\"1ed0db6\" data-element_type=\"widget\" data-widget_type=\"image.default\">\n\t\t\t\t<div class=\"elementor-widget-container\">\n\t\t\t\t\t\t\t\t<div class=\"elementor-image\">\n\t\t\t\t\t\t\t\t\t\t\t\t<img decoding=\"async\" width=\"200\" height=\"110\" src=\"https:\/\/www.cliniquephysiosante.com\/physiotherapie\/wp-content\/uploads\/2024\/06\/OPPQ_membre_blanc200px.png\" class=\"attachment-large size-large wp-image-1055\" alt=\"membre de Ordre Professionnel de la Physioth\u00e9rapie du Qu\u00e9bec\" loading=\"lazy\" \/>\t\t\t\t\t\t\t\t\t\t\t\t\t\t<\/div>\n\t\t\t\t\t\t<\/div>\n\t\t\t\t<\/div>\n\t\t\t\t\t\t<\/div>\n\t\t\t\t\t<\/div>\n\t\t<\/div>\n\t\t\t\t\t\t\t\t<\/div>\n\t\t\t\t\t<\/div>\n\t\t<\/section>\n\t\t\t\t<section class=\"elementor-section elementor-top-section elementor-element elementor-element-7f35eaf elementor-reverse-mobile elementor-section-boxed elementor-section-height-default elementor-section-height-default\" data-id=\"7f35eaf\" data-element_type=\"section\">\n\t\t\t\t\t\t<div class=\"elementor-container elementor-column-gap-default\">\n\t\t\t\t\t\t\t<div class=\"elementor-row\">\n\t\t\t\t\t<div class=\"elementor-column elementor-col-50 elementor-top-column elementor-element elementor-element-0dc11ac\" data-id=\"0dc11ac\" data-element_type=\"column\">\n\t\t\t<div class=\"elementor-column-wrap elementor-element-populated\">\n\t\t\t\t\t\t\t<div class=\"elementor-widget-wrap\">\n\t\t\t\t\t\t<div class=\"elementor-element elementor-element-ab02772 elementor-widget elementor-widget-spacer\" data-id=\"ab02772\" data-element_type=\"widget\" data-widget_type=\"spacer.default\">\n\t\t\t\t<div class=\"elementor-widget-container\">\n\t\t\t\t\t<div class=\"elementor-spacer\">\n\t\t\t<div class=\"elementor-spacer-inner\"><\/div>\n\t\t<\/div>\n\t\t\t\t<\/div>\n\t\t\t\t<\/div>\n\t\t\t\t<div class=\"elementor-element elementor-element-7e0d660 elementor-widget elementor-widget-heading\" data-id=\"7e0d660\" data-element_type=\"widget\" data-widget_type=\"heading.default\">\n\t\t\t\t<div class=\"elementor-widget-container\">\n\t\t\t<h5 class=\"elementor-heading-title elementor-size-default\">Votre clinique de physioth\u00e9rapie \u00e0 Sherbrooke<\/h5>\t\t<\/div>\n\t\t\t\t<\/div>\n\t\t\t\t<div class=\"elementor-element elementor-element-7a08eeb elementor-widget elementor-widget-text-editor\" data-id=\"7a08eeb\" data-element_type=\"widget\" data-widget_type=\"text-editor.default\">\n\t\t\t\t<div class=\"elementor-widget-container\">\n\t\t\t\t\t\t\t\t<div class=\"elementor-text-editor elementor-clearfix\">\n\t\t\t\t<p>Nos professionnels sont form\u00e9s pour vous aider \u00e0 franchir les \u00e9tapes suivantes :<\/p><p style=\"padding-left: 30px;\"><b>1) Soulagement de la crise aig\u00fce :<\/b><\/p><p style=\"padding-left: 30px;\">Les sympt\u00f4mes sont la douleur constante, l&rsquo;inflammation, les spasmes musculaires, l&rsquo;incapacit\u00e9 et la limitation s\u00e9v\u00e8re.<br \/>Notre approche permet de contr\u00f4ler la douleur et vise \u00e0 r\u00e9duire l&rsquo;inflammation.<\/p><p style=\"padding-left: 30px;\"><b>2) R\u00e9tablissement des malaises persistants :<\/b><\/p><p style=\"padding-left: 30px;\">Les sympt\u00f4mes sont la douleur \u00e0 l&rsquo;effort, le matin et en fin de journ\u00e9e, la perte de souplesse, de mobilit\u00e9 et de force.<\/p><p style=\"padding-left: 30px;\">Notre approche contribue \u00e0 acc\u00e9l\u00e9rer la gu\u00e9rison et \u00e0 r\u00e9tablir le mouvement complet.<\/p><p style=\"padding-left: 30px;\"><b>3) Renforcement de limitations :<\/b><\/p><p style=\"padding-left: 30px;\">Les sympt\u00f4mes sont la douleur occasionnelle, la difficult\u00e9 \u00e0 reprendre les activit\u00e9s (travail, sports et loisirs) et le manque de tol\u00e9rance.<\/p><p style=\"padding-left: 30px;\">Notre approche assure une r\u00e9cup\u00e9ration optimale et pr\u00e9vient les r\u00e9cidives.<\/p><p>Notre clinique de physioth\u00e9rapie de Sherbrooke offre un environnement stimulant avec un service personalis\u00e9. Nous disposons de plusieurs salles o\u00f9 nous effectuons des traitements individuels en plus d&rsquo;un gymnase o\u00f9 nous supervisons les exercices prescrits \u00e0 nos patients.<\/p><p>Notre approche combine des modalit\u00e9s de traitements diversifi\u00e9es incluant de la th\u00e9rapie manuelle, des techniques ost\u00e9opathiques et musculaires et met l&#8217;emphase sur la prise en charge active du patient par des exercices de renforcement et de stabilisation, ce qui permet une approche globale et int\u00e9gr\u00e9e.<\/p><p><img decoding=\"async\" loading=\"lazy\" src=\"https:\/\/cliniquephysiosante.com\/physiotherapie\/wp-content\/uploads\/2019\/03\/physiotherapie-massotherapie-traitements1.jpg\" alt=\"Service physiotherapie\" width=\"696\" height=\"201\" \/><\/p><p><b>CNESST \/ SAAQ <\/b><\/p><p>Aucun frais n&rsquo;est factur\u00e9 aux victimes d&rsquo;un accident de travail, nous prenons en charge les d\u00e9marches administratives n\u00e9cessaires \u00e0 l&rsquo;ouverture d&rsquo;un dossier aupr\u00e8s de la CNESST.<br \/>Des frais de 10$ par traitement de physioth\u00e9rapie sont factur\u00e9s aux personnes ayant subi un accident de la route. N<span style=\"font-size: 16.0016px;\">ous prenons en charge les d\u00e9marches administratives n\u00e9cessaires \u00e0 l&rsquo;ouverture d&rsquo;un dossier aupr\u00e8s de la SAAQ et donnons des re\u00e7us officiels pour que vous puissiez vous faire rembourser les frais de 10$ par votre assurance automobile (en vertu de l&rsquo;avenant 34 de votre police d&rsquo;assurance). <a href=\"https:\/\/cliniquephysiosante.com\/physiotherapie\/cnesst-saaq\/\">Pour plus d&rsquo;informations, cliquez ici.<\/a><\/span><\/p><p><b><br \/>SERVICE GYMNASE<\/b><\/p><p>Nous offrons \u00e0 nos patients l&rsquo;acc\u00e8s \u00e0 notre salle d&rsquo;exercice afin qu&rsquo;ils y poursuivent leur r\u00e9adaptation tout en b\u00e9n\u00e9ficiant de la supervision d&rsquo;un professionnel. Ce qui permet une r\u00e9adaptation s\u00e9curitaire et sp\u00e9cialis\u00e9e dans le but de retrouver une autonomie compl\u00e8te.<\/p><p><b>\u00c9LECTROTH\u00c9RAPIE<\/b><\/p><p>L&rsquo;utilisation de diff\u00e9rents courants \u00e9lectriques de haute ou de basse fr\u00e9quence peut aider \u00e0 diminuer la douleur, l&rsquo;inflammation, les spasmes musculaires et \u00e0 renforcer un muscle ou une groupe musculaire. L&rsquo;\u00e9lectroth\u00e9rapie est non invasive et peut \u00eatre utilis\u00e9e par le physioth\u00e9rapeute dans toutes les phases de gu\u00e9rison de votre blessure (aig\u00fce, sub-aig\u00fce ou chronique), dans un but analg\u00e9sique ou de r\u00e9\u00e9ducation fonctionnelle. Nous disposons de nombreux \u00e9quipements, soit des ultrasons, T.E.N.S., courant interf\u00e9rentiel, iontophor\u00e8se, stimulateur neuro-musculaire.<\/p><p><a title=\"info sur electrotherapie\" href=\"https:\/\/cliniquephysiosherbrooke.ca\/physiotherapie\/electrotherapie\/\"><span style=\"color: #b36e09;\">Pour en lire plus sur l&rsquo;\u00e9lectroth\u00e9rapie.<\/span><\/a><\/p>\t\t\t\t\t<\/div>\n\t\t\t\t\t\t<\/div>\n\t\t\t\t<\/div>\n\t\t\t\t\t\t<\/div>\n\t\t\t\t\t<\/div>\n\t\t<\/div>\n\t\t\t\t<div class=\"elementor-column elementor-col-50 elementor-top-column elementor-element elementor-element-2b6323b\" data-id=\"2b6323b\" data-element_type=\"column\" data-settings=\"{&quot;background_background&quot;:&quot;classic&quot;}\">\n\t\t\t<div class=\"elementor-column-wrap elementor-element-populated\">\n\t\t\t\t\t\t\t<div class=\"elementor-widget-wrap\">\n\t\t\t\t\t\t<div class=\"elementor-element elementor-element-b8e70e9 elementor-widget elementor-widget-spacer\" data-id=\"b8e70e9\" data-element_type=\"widget\" data-widget_type=\"spacer.default\">\n\t\t\t\t<div class=\"elementor-widget-container\">\n\t\t\t\t\t<div class=\"elementor-spacer\">\n\t\t\t<div class=\"elementor-spacer-inner\"><\/div>\n\t\t<\/div>\n\t\t\t\t<\/div>\n\t\t\t\t<\/div>\n\t\t\t\t<div class=\"elementor-element elementor-element-2de0eb5 elementor-widget elementor-widget-heading\" data-id=\"2de0eb5\" data-element_type=\"widget\" data-widget_type=\"heading.default\">\n\t\t\t\t<div class=\"elementor-widget-container\">\n\t\t\t<h6 class=\"elementor-heading-title elementor-size-default\">Tarification<\/h6>\t\t<\/div>\n\t\t\t\t<\/div>\n\t\t\t\t<div class=\"elementor-element elementor-element-fee656e elementor-widget elementor-widget-text-editor\" data-id=\"fee656e\" data-element_type=\"widget\" data-widget_type=\"text-editor.default\">\n\t\t\t\t<div class=\"elementor-widget-container\">\n\t\t\t\t\t\t\t\t<div class=\"elementor-text-editor elementor-clearfix\">\n\t\t\t\t<p>Premi\u00e8re consultation en physioth\u00e9rapie&nbsp; de 45 minutes (\u00e9valuation et traitement) : <b>115$<\/b><br>Traitement physioth\u00e9rapie d&rsquo;une dur\u00e9e<br>de 30 minutes : <b>85$<\/b><br>Massoth\u00e9rapie 55 minutes : <b>95$<\/b><br>SAAQ : 12$ par visite<br>CNESST : aucun frais<\/p>\t\t\t\t\t<\/div>\n\t\t\t\t\t\t<\/div>\n\t\t\t\t<\/div>\n\t\t\t\t<div class=\"elementor-element elementor-element-18109bd elementor-widget-divider--view-line elementor-widget elementor-widget-divider\" data-id=\"18109bd\" data-element_type=\"widget\" data-widget_type=\"divider.default\">\n\t\t\t\t<div class=\"elementor-widget-container\">\n\t\t\t\t\t<div class=\"elementor-divider\">\n\t\t\t<span class=\"elementor-divider-separator\">\n\t\t\t\t\t\t<\/span>\n\t\t<\/div>\n\t\t\t\t<\/div>\n\t\t\t\t<\/div>\n\t\t\t\t<div class=\"elementor-element elementor-element-54e537b elementor-widget elementor-widget-heading\" data-id=\"54e537b\" data-element_type=\"widget\" data-widget_type=\"heading.default\">\n\t\t\t\t<div class=\"elementor-widget-container\">\n\t\t\t<h6 class=\"elementor-heading-title elementor-size-default\">Expertises<\/h6>\t\t<\/div>\n\t\t\t\t<\/div>\n\t\t\t\t<div class=\"elementor-element elementor-element-6110ec8 elementor-widget elementor-widget-text-editor\" data-id=\"6110ec8\" data-element_type=\"widget\" data-widget_type=\"text-editor.default\">\n\t\t\t\t<div class=\"elementor-widget-container\">\n\t\t\t\t\t\t\t\t<div class=\"elementor-text-editor elementor-clearfix\">\n\t\t\t\t<p>&#8211; Th\u00e9rapie Manuelle Orthop\u00e9dique, Mulligan et Manipulations vert\u00e9brales\/articulaires\u00a0<\/p><p>&#8211; Techniques articulaires et musculaires d&rsquo;ost\u00e9opathie<br \/>&#8211; Approche musculaire: Massoth\u00e9rapie,<\/p><p><a href=\"http:\/\/cliniquephysiosherbrooke.ca\/physiotherapie\/relachement-myofascial\/\" target=\"_blank\" rel=\"noopener\"><span style=\"color: #b36e09;\">&#8211; Th\u00e9rapie de Rel\u00e2chement Myofascial<\/span><\/a><\/p><p><span style=\"color: #b36e09;\"><a style=\"color: #b36e09;\" href=\"http:\/\/cliniquephysiosherbrooke.ca\/physiotherapie\/crochetage-myoaponevrotique\/\" target=\"_blank\" rel=\"noopener\">&#8211; Techniques de crochetage<\/a><\/span><\/p><p><span style=\"color: #b36e09;\"><a style=\"color: #b36e09;\" href=\"http:\/\/cliniquephysiosherbrooke.ca\/physiotherapie\/la-puncture-physiotherapique-a-laiguille-seche\/\" target=\"_blank\" rel=\"noopener\">&#8211; Puncture Physioth\u00e9rapique \u00e0 l&rsquo;aiguille s\u00e8che<\/a><\/span><\/p><p>&#8211; Exercices de stabilisation de la colonne cervicale et lombaire<br \/>&#8211; Programme d&rsquo;exercices sp\u00e9cifiques<\/p>\t\t\t\t\t<\/div>\n\t\t\t\t\t\t<\/div>\n\t\t\t\t<\/div>\n\t\t\t\t<div class=\"elementor-element elementor-element-7a7a8ce elementor-widget elementor-widget-spacer\" data-id=\"7a7a8ce\" data-element_type=\"widget\" data-widget_type=\"spacer.default\">\n\t\t\t\t<div class=\"elementor-widget-container\">\n\t\t\t\t\t<div class=\"elementor-spacer\">\n\t\t\t<div class=\"elementor-spacer-inner\"><\/div>\n\t\t<\/div>\n\t\t\t\t<\/div>\n\t\t\t\t<\/div>\n\t\t\t\t<div class=\"elementor-element elementor-element-ad61fc5 elementor-hidden-phone elementor-widget elementor-widget-facebook-page\" data-id=\"ad61fc5\" data-element_type=\"widget\" data-widget_type=\"facebook-page.default\">\n\t\t\t\t<div class=\"elementor-widget-container\">\n\t\t\t<div class=\"elementor-facebook-widget fb-page\" data-href=\"https:\/\/www.facebook.com\/CliniquePhysioSante?fref=ts\" data-tabs=\"timeline\" data-height=\"759px\" data-width=\"500px\" data-small-header=\"false\" data-hide-cover=\"false\" data-show-facepile=\"true\" data-hide-cta=\"false\" style=\"min-height: 1px;height:759px\"><\/div>\t\t<\/div>\n\t\t\t\t<\/div>\n\t\t\t\t\t\t<\/div>\n\t\t\t\t\t<\/div>\n\t\t<\/div>\n\t\t\t\t\t\t\t\t<\/div>\n\t\t\t\t\t<\/div>\n\t\t<\/section>\n\t\t\t\t\t\t\t\t\t<\/div>\n\t\t\t<\/div>\n\t\t\t\t\t<\/div>\n\t\t","protected":false},"excerpt":{"rendered":"<p>La clinique de physioth\u00e9rapie \u00e0 Sherbrooke Physioth\u00e9rapie Entorses, tendinites, bursites, maux de dos et cou. Les physioth\u00e9rapeutes de chez Physio-Sant\u00e9 sont form\u00e9s pour soigner vos douleurs articulaires et musculaires de toute sorte. Ergoth\u00e9rapie La Clinique Physio-Sant\u00e9 offre le service d\u2019ergoth\u00e9rapie depuis mars 2019 afin de r\u00e9pondre aux besoins grandissants de sa client\u00e8le.\u00a0 [ Savoir plus [&hellip;]<\/p>\n","protected":false},"author":1,"featured_media":0,"parent":0,"menu_order":0,"comment_status":"closed","ping_status":"closed","template":"elementor_header_footer","meta":[],"aioseo_notices":[],"_links":{"self":[{"href":"https:\/\/www.cliniquephysiosante.com\/physiotherapie\/wp-json\/wp\/v2\/pages\/159"}],"collection":[{"href":"https:\/\/www.cliniquephysiosante.com\/physiotherapie\/wp-json\/wp\/v2\/pages"}],"about":[{"href":"https:\/\/www.cliniquephysiosante.com\/physiotherapie\/wp-json\/wp\/v2\/types\/page"}],"author":[{"embeddable":true,"href":"https:\/\/www.cliniquephysiosante.com\/physiotherapie\/wp-json\/wp\/v2\/users\/1"}],"replies":[{"embeddable":true,"href":"https:\/\/www.cliniquephysiosante.com\/physiotherapie\/wp-json\/wp\/v2\/comments?post=159"}],"version-history":[{"count":119,"href":"https:\/\/www.cliniquephysiosante.com\/physiotherapie\/wp-json\/wp\/v2\/pages\/159\/revisions"}],"predecessor-version":[{"id":1893,"href":"https:\/\/www.cliniquephysiosante.com\/physiotherapie\/wp-json\/wp\/v2\/pages\/159\/revisions\/1893"}],"wp:attachment":[{"href":"https:\/\/www.cliniquephysiosante.com\/physiotherapie\/wp-json\/wp\/v2\/media?parent=159"}],"curies":[{"name":"wp","href":"https:\/\/api.w.org\/{rel}","templated":true}]}}