{"id":203,"date":"2019-03-07T14:22:02","date_gmt":"2019-03-07T14:22:02","guid":{"rendered":"https:\/\/cliniquephysiosante.com\/physiotherapie\/?page_id=203"},"modified":"2025-05-26T11:10:09","modified_gmt":"2025-05-26T16:10:09","slug":"physiotherapeute-mathieu-jette","status":"publish","type":"page","link":"https:\/\/www.cliniquephysiosante.com\/physiotherapie\/physiotherapeute-mathieu-jette\/","title":{"rendered":"Physiotherapeute Mathieu Jett\u00e9"},"content":{"rendered":"\t\t<div data-elementor-type=\"wp-post\" data-elementor-id=\"203\" class=\"elementor elementor-203\">\n\t\t\t\t\t\t<div class=\"elementor-inner\">\n\t\t\t\t<div class=\"elementor-section-wrap\">\n\t\t\t\t\t\t\t\t\t<section class=\"elementor-section elementor-top-section elementor-element elementor-element-4d00918 elementor-section-stretched elementor-section-height-min-height elementor-section-boxed elementor-section-height-default elementor-section-items-middle\" data-id=\"4d00918\" data-element_type=\"section\" data-settings=\"{&quot;stretch_section&quot;:&quot;section-stretched&quot;,&quot;background_background&quot;:&quot;classic&quot;}\">\n\t\t\t\t\t\t<div class=\"elementor-container elementor-column-gap-no\">\n\t\t\t\t\t\t\t<div class=\"elementor-row\">\n\t\t\t\t\t<div class=\"elementor-column elementor-col-100 elementor-top-column elementor-element elementor-element-2067d06\" data-id=\"2067d06\" data-element_type=\"column\">\n\t\t\t<div class=\"elementor-column-wrap\">\n\t\t\t\t\t\t\t<div class=\"elementor-widget-wrap\">\n\t\t\t\t\t\t\t\t<\/div>\n\t\t\t\t\t<\/div>\n\t\t<\/div>\n\t\t\t\t\t\t\t\t<\/div>\n\t\t\t\t\t<\/div>\n\t\t<\/section>\n\t\t\t\t<section class=\"elementor-section elementor-top-section elementor-element elementor-element-a12a7cc elementor-section-boxed elementor-section-height-default elementor-section-height-default\" data-id=\"a12a7cc\" data-element_type=\"section\" data-settings=\"{&quot;background_background&quot;:&quot;classic&quot;}\">\n\t\t\t\t\t\t<div class=\"elementor-container elementor-column-gap-default\">\n\t\t\t\t\t\t\t<div class=\"elementor-row\">\n\t\t\t\t\t<div class=\"elementor-column elementor-col-50 elementor-top-column elementor-element elementor-element-60cc8f7\" data-id=\"60cc8f7\" data-element_type=\"column\">\n\t\t\t<div class=\"elementor-column-wrap elementor-element-populated\">\n\t\t\t\t\t\t\t<div class=\"elementor-widget-wrap\">\n\t\t\t\t\t\t<div class=\"elementor-element elementor-element-1fdf858 elementor-widget elementor-widget-heading\" data-id=\"1fdf858\" data-element_type=\"widget\" data-widget_type=\"heading.default\">\n\t\t\t\t<div class=\"elementor-widget-container\">\n\t\t\t<h1 class=\"elementor-heading-title elementor-size-default\"><font color=\"#FFFFFF\"><b>Mathieu JETT\u00c9, physioth\u00e9rapeute<\/b><\/font><br><span><font size=\"3\" color=\"#FFFFCC\">\nMaitrise en physioth\u00e9rapie de l'Universit\u00e9 de Sherbrooke, 2012-2016 <\/font><\/span><\/h1>\t\t<\/div>\n\t\t\t\t<\/div>\n\t\t\t\t\t\t<\/div>\n\t\t\t\t\t<\/div>\n\t\t<\/div>\n\t\t\t\t<div class=\"elementor-column elementor-col-50 elementor-top-column elementor-element elementor-element-02d9cb3\" data-id=\"02d9cb3\" data-element_type=\"column\">\n\t\t\t<div class=\"elementor-column-wrap elementor-element-populated\">\n\t\t\t\t\t\t\t<div class=\"elementor-widget-wrap\">\n\t\t\t\t\t\t<div class=\"elementor-element elementor-element-1ed0db6 elementor-widget elementor-widget-image\" data-id=\"1ed0db6\" data-element_type=\"widget\" data-widget_type=\"image.default\">\n\t\t\t\t<div class=\"elementor-widget-container\">\n\t\t\t\t\t\t\t\t<div class=\"elementor-image\">\n\t\t\t\t\t\t\t\t\t\t\t\t<img decoding=\"async\" width=\"200\" height=\"110\" src=\"https:\/\/www.cliniquephysiosante.com\/physiotherapie\/wp-content\/uploads\/2024\/06\/OPPQ_membre_blanc200px.png\" class=\"attachment-full size-full wp-image-1055\" alt=\"membre de Ordre Professionnel de la Physioth\u00e9rapie du Qu\u00e9bec\" loading=\"lazy\" \/>\t\t\t\t\t\t\t\t\t\t\t\t\t\t<\/div>\n\t\t\t\t\t\t<\/div>\n\t\t\t\t<\/div>\n\t\t\t\t\t\t<\/div>\n\t\t\t\t\t<\/div>\n\t\t<\/div>\n\t\t\t\t\t\t\t\t<\/div>\n\t\t\t\t\t<\/div>\n\t\t<\/section>\n\t\t\t\t<section class=\"elementor-section elementor-top-section elementor-element elementor-element-7f35eaf elementor-section-boxed elementor-section-height-default elementor-section-height-default\" data-id=\"7f35eaf\" data-element_type=\"section\">\n\t\t\t\t\t\t<div class=\"elementor-container elementor-column-gap-default\">\n\t\t\t\t\t\t\t<div class=\"elementor-row\">\n\t\t\t\t\t<div class=\"elementor-column elementor-col-100 elementor-top-column elementor-element elementor-element-0dc11ac\" data-id=\"0dc11ac\" data-element_type=\"column\">\n\t\t\t<div class=\"elementor-column-wrap elementor-element-populated\">\n\t\t\t\t\t\t\t<div class=\"elementor-widget-wrap\">\n\t\t\t\t\t\t<div class=\"elementor-element elementor-element-ab02772 elementor-widget elementor-widget-spacer\" data-id=\"ab02772\" data-element_type=\"widget\" data-widget_type=\"spacer.default\">\n\t\t\t\t<div class=\"elementor-widget-container\">\n\t\t\t\t\t<div class=\"elementor-spacer\">\n\t\t\t<div class=\"elementor-spacer-inner\"><\/div>\n\t\t<\/div>\n\t\t\t\t<\/div>\n\t\t\t\t<\/div>\n\t\t\t\t<div class=\"elementor-element elementor-element-7e0d660 elementor-widget elementor-widget-heading\" data-id=\"7e0d660\" data-element_type=\"widget\" data-widget_type=\"heading.default\">\n\t\t\t\t<div class=\"elementor-widget-container\">\n\t\t\t<h2 class=\"elementor-heading-title elementor-size-default\"><i>\u00ab Les physioth\u00e9rapeutes de la clinique Physio-Sant\u00e9 de Sherbrooke excellent avec une approche assurant une r\u00e9cup\u00e9ration optimale et pr\u00e9venant les r\u00e9cidives.\u00bb<\/i><\/h2>\t\t<\/div>\n\t\t\t\t<\/div>\n\t\t\t\t<div class=\"elementor-element elementor-element-7a08eeb elementor-widget elementor-widget-text-editor\" data-id=\"7a08eeb\" data-element_type=\"widget\" data-widget_type=\"text-editor.default\">\n\t\t\t\t<div class=\"elementor-widget-container\">\n\t\t\t\t\t\t\t\t<div class=\"elementor-text-editor elementor-clearfix\">\n\t\t\t\t<p><b>Mathieu Jett\u00e9, <\/b>pht s\u2019est joint \u00e0 la Clinique Physio-Sant\u00e9 en avril 2017. Il a d\u00e9velopp\u00e9 une expertise en prescription d&rsquo;exercices th\u00e9rapeutiques, th\u00e9rapie manuelle, traitement des traumatisme cr\u00e2nio-c\u00e9r\u00e9bral l\u00e9ger et <a title=\"Clinique Physioth\u00e9rapeute Sherbrooke\" href=\"https:\/\/cliniquephysiosherbrooke.ca\/physiotherapie\/la-puncture-physiotherapique-a-laiguille-seche\/\" target=\"_blank\" rel=\"noopener\">puncture physioth\u00e9rapique \u00e0 l\u2019aiguille s\u00e8che<\/a> pour traiter les douleurs musculo-squelettiques chez les adolescents, adultes et a\u00een\u00e9s.<br \/>En 2025, Mathieu est devenu <strong>propri\u00e9taire<\/strong> de la Clinique Physio-Sant\u00e9 afin d&rsquo;assurer la p\u00e9rennit\u00e9 de l&rsquo;entreprise et de conserver sa mission qui consiste \u00e0 prodiguer des soins de qualit\u00e9 marqu\u00e9s par une approche humaine.<\/p><h3><a href=\"https:\/\/www.cliniquephysiosante.com\/physiotherapie\/clinique-physio-sante-sherbrooke\/\"><img decoding=\"async\" loading=\"lazy\" class=\"alignright size-full wp-image-1564\" src=\"https:\/\/www.cliniquephysiosante.com\/physiotherapie\/wp-content\/uploads\/2024\/12\/physiotherapeute-sherbrooke-mathieu-jette-physio-sante.jpg\" alt=\"physiotherapeute sherbrooke mathieu jette Physio-sante\" width=\"400\" height=\"356\" srcset=\"https:\/\/www.cliniquephysiosante.com\/physiotherapie\/wp-content\/uploads\/2024\/12\/physiotherapeute-sherbrooke-mathieu-jette-physio-sante.jpg 400w, https:\/\/www.cliniquephysiosante.com\/physiotherapie\/wp-content\/uploads\/2024\/12\/physiotherapeute-sherbrooke-mathieu-jette-physio-sante-300x267.jpg 300w\" sizes=\"(max-width: 400px) 100vw, 400px\" \/><\/a>Formations et mentions<\/h3><p style=\"padding-left: 30px;\">&#8211; Maitrise en Physioth\u00e9rapie \u00e0 l&rsquo;Universit\u00e9 de Sherbrooke de 2012-2016<br \/>&#8211; Membre de l&rsquo;Ordre Professionnel de la Physioth\u00e9rapie du Qu\u00e9bec<br \/>&#8211; Obstacles biopsychosociaux \u00e0 la r\u00e9cup\u00e9ration (Partie 1): identification et interventions en physioth\u00e9rapie<br \/>&#8211; Puncture Physioth\u00e9rapique \u00e0 l&rsquo;aiguille s\u00e8che<br \/>&#8211; Th\u00e9rapie manuelle niveau 1 de l&rsquo;AQPMO<br \/>&#8211; Attestations de manipulations articulaires et vert\u00e9brales en<br \/>&#8211; \u00c9valuation et traitement des vertiges<br \/>&#8211; Approche McKenzie pour la r\u00e9gion lombaire (niveau A)<br \/>&#8211; Pr\u00e9vention, d\u00e9tection et gestion des commotions c\u00e9r\u00e9brales<\/p><p style=\"padding-left: 30px;\">Responsable de la protection des renseignements personnels \u00e0 la <a href=\"https:\/\/www.cliniquephysiosante.com\/physiotherapie\/clinique-physio-sante-sherbrooke\/\">Clinique Physio-Sant\u00e9<\/a>.<\/p>\t\t\t\t\t<\/div>\n\t\t\t\t\t\t<\/div>\n\t\t\t\t<\/div>\n\t\t\t\t\t\t<\/div>\n\t\t\t\t\t<\/div>\n\t\t<\/div>\n\t\t\t\t\t\t\t\t<\/div>\n\t\t\t\t\t<\/div>\n\t\t<\/section>\n\t\t\t\t<section class=\"elementor-section elementor-top-section elementor-element elementor-element-7ebc6d7 elementor-section-boxed elementor-section-height-default elementor-section-height-default\" data-id=\"7ebc6d7\" data-element_type=\"section\">\n\t\t\t\t\t\t<div class=\"elementor-container elementor-column-gap-default\">\n\t\t\t\t\t\t\t<div class=\"elementor-row\">\n\t\t\t\t\t<div class=\"elementor-column elementor-col-100 elementor-top-column elementor-element elementor-element-417d2b6\" data-id=\"417d2b6\" data-element_type=\"column\">\n\t\t\t<div class=\"elementor-column-wrap elementor-element-populated\">\n\t\t\t\t\t\t\t<div class=\"elementor-widget-wrap\">\n\t\t\t\t\t\t<div class=\"elementor-element elementor-element-cb7bd61 elementor-widget elementor-widget-spacer\" data-id=\"cb7bd61\" data-element_type=\"widget\" data-widget_type=\"spacer.default\">\n\t\t\t\t<div class=\"elementor-widget-container\">\n\t\t\t\t\t<div class=\"elementor-spacer\">\n\t\t\t<div class=\"elementor-spacer-inner\"><\/div>\n\t\t<\/div>\n\t\t\t\t<\/div>\n\t\t\t\t<\/div>\n\t\t\t\t<div class=\"elementor-element elementor-element-d6846ef elementor-widget elementor-widget-gallery\" data-id=\"d6846ef\" data-element_type=\"widget\" data-settings=\"{&quot;columns&quot;:3,&quot;aspect_ratio&quot;:&quot;1:1&quot;,&quot;lazyload&quot;:&quot;yes&quot;,&quot;gallery_layout&quot;:&quot;grid&quot;,&quot;columns_tablet&quot;:2,&quot;columns_mobile&quot;:1,&quot;gap&quot;:{&quot;unit&quot;:&quot;px&quot;,&quot;size&quot;:10,&quot;sizes&quot;:[]},&quot;gap_tablet&quot;:{&quot;unit&quot;:&quot;px&quot;,&quot;size&quot;:10,&quot;sizes&quot;:[]},&quot;gap_mobile&quot;:{&quot;unit&quot;:&quot;px&quot;,&quot;size&quot;:10,&quot;sizes&quot;:[]},&quot;link_to&quot;:&quot;file&quot;,&quot;overlay_background&quot;:&quot;yes&quot;,&quot;content_hover_animation&quot;:&quot;fade-in&quot;}\" data-widget_type=\"gallery.default\">\n\t\t\t\t<div class=\"elementor-widget-container\">\n\t\t\t\t\t<div class=\"elementor-gallery__container\">\n\t\t\t\t\t\t\t<a class=\"e-gallery-item elementor-gallery-item elementor-animated-content\" href=\"https:\/\/www.cliniquephysiosante.com\/physiotherapie\/wp-content\/uploads\/2024\/12\/physiotherapeute-clinique-physio-sante-mathieu-jette-pht.jpg\" data-elementor-open-lightbox=\"yes\" data-elementor-lightbox-slideshow=\"all-d6846ef\" data-elementor-lightbox-title=\"physiotherapeute sherbrooke clinique physio-sante mathieu Jett\u00e9, pht\" data-e-action-hash=\"#elementor-action%3Aaction%3Dlightbox%26settings%3DeyJpZCI6MTU4NSwidXJsIjoiaHR0cHM6XC9cL3d3dy5jbGluaXF1ZXBoeXNpb3NhbnRlLmNvbVwvcGh5c2lvdGhlcmFwaWVcL3dwLWNvbnRlbnRcL3VwbG9hZHNcLzIwMjRcLzEyXC9waHlzaW90aGVyYXBldXRlLWNsaW5pcXVlLXBoeXNpby1zYW50ZS1tYXRoaWV1LWpldHRlLXBodC5qcGciLCJzbGlkZXNob3ciOiJhbGwtZDY4NDZlZiJ9\">\n\t\t\t\t\t<div class=\"e-gallery-image elementor-gallery-item__image\" data-thumbnail=\"https:\/\/www.cliniquephysiosante.com\/physiotherapie\/wp-content\/uploads\/2024\/12\/physiotherapeute-clinique-physio-sante-mathieu-jette-pht.jpg\" data-width=\"300\" data-height=\"400\" aria-label=\"physiotherapeute sherbrooke clinique physio-sante mathieu Jett\u00e9, pht\" role=\"img\" ><\/div>\n\t\t\t\t\t\t\t\t\t\t\t<div class=\"elementor-gallery-item__overlay\"><\/div>\n\t\t\t\t\t\t\t\t\t\t\t\t\t\t<\/a>\n\t\t\t\t\t\t\t<a class=\"e-gallery-item elementor-gallery-item elementor-animated-content\" href=\"https:\/\/www.cliniquephysiosante.com\/physiotherapie\/wp-content\/uploads\/2024\/12\/physiotherapeute-clinique-physio-sante-puncture-physiotherapeutique.jpg\" data-elementor-open-lightbox=\"yes\" data-elementor-lightbox-slideshow=\"all-d6846ef\" data-elementor-lightbox-title=\"physiotherapeute clinique-physio-sante-puncture-physiotherapeutique\" data-e-action-hash=\"#elementor-action%3Aaction%3Dlightbox%26settings%3DeyJpZCI6MTU4NiwidXJsIjoiaHR0cHM6XC9cL3d3dy5jbGluaXF1ZXBoeXNpb3NhbnRlLmNvbVwvcGh5c2lvdGhlcmFwaWVcL3dwLWNvbnRlbnRcL3VwbG9hZHNcLzIwMjRcLzEyXC9waHlzaW90aGVyYXBldXRlLWNsaW5pcXVlLXBoeXNpby1zYW50ZS1wdW5jdHVyZS1waHlzaW90aGVyYXBldXRpcXVlLmpwZyIsInNsaWRlc2hvdyI6ImFsbC1kNjg0NmVmIn0%3D\">\n\t\t\t\t\t<div class=\"e-gallery-image elementor-gallery-item__image\" data-thumbnail=\"https:\/\/www.cliniquephysiosante.com\/physiotherapie\/wp-content\/uploads\/2024\/12\/physiotherapeute-clinique-physio-sante-puncture-physiotherapeutique.jpg\" data-width=\"300\" data-height=\"400\" aria-label=\"physiotherapeute Alexandra Binette\" role=\"img\" ><\/div>\n\t\t\t\t\t\t\t\t\t\t\t<div class=\"elementor-gallery-item__overlay\"><\/div>\n\t\t\t\t\t\t\t\t\t\t\t\t\t\t<\/a>\n\t\t\t\t\t\t\t<a class=\"e-gallery-item elementor-gallery-item elementor-animated-content\" href=\"https:\/\/www.cliniquephysiosante.com\/physiotherapie\/wp-content\/uploads\/2024\/12\/physiotherapie-clinique-physio-sante-mathieu-jette.jpg\" data-elementor-open-lightbox=\"yes\" data-elementor-lightbox-slideshow=\"all-d6846ef\" data-elementor-lightbox-title=\"physiotherapeute sherbooke  Mathieu Jett\u00e9 en action clinique physiotherapie\" data-e-action-hash=\"#elementor-action%3Aaction%3Dlightbox%26settings%3DeyJpZCI6MTU4NywidXJsIjoiaHR0cHM6XC9cL3d3dy5jbGluaXF1ZXBoeXNpb3NhbnRlLmNvbVwvcGh5c2lvdGhlcmFwaWVcL3dwLWNvbnRlbnRcL3VwbG9hZHNcLzIwMjRcLzEyXC9waHlzaW90aGVyYXBpZS1jbGluaXF1ZS1waHlzaW8tc2FudGUtbWF0aGlldS1qZXR0ZS5qcGciLCJzbGlkZXNob3ciOiJhbGwtZDY4NDZlZiJ9\">\n\t\t\t\t\t<div class=\"e-gallery-image elementor-gallery-item__image\" data-thumbnail=\"https:\/\/www.cliniquephysiosante.com\/physiotherapie\/wp-content\/uploads\/2024\/12\/physiotherapie-clinique-physio-sante-mathieu-jette.jpg\" data-width=\"300\" data-height=\"400\" aria-label=\"physiotherapeute Mathieu Jett\u00e9 en action clinique physiotherapie sherbrooke\" role=\"img\" ><\/div>\n\t\t\t\t\t\t\t\t\t\t\t<div class=\"elementor-gallery-item__overlay\"><\/div>\n\t\t\t\t\t\t\t\t\t\t\t\t\t\t<\/a>\n\t\t\t\t\t<\/div>\n\t\t\t<\/div>\n\t\t\t\t<\/div>\n\t\t\t\t\t\t<\/div>\n\t\t\t\t\t<\/div>\n\t\t<\/div>\n\t\t\t\t\t\t\t\t<\/div>\n\t\t\t\t\t<\/div>\n\t\t<\/section>\n\t\t\t\t<section class=\"elementor-section elementor-top-section elementor-element elementor-element-17f6ee2 elementor-section-boxed elementor-section-height-default elementor-section-height-default\" data-id=\"17f6ee2\" data-element_type=\"section\">\n\t\t\t\t\t\t<div class=\"elementor-container elementor-column-gap-default\">\n\t\t\t\t\t\t\t<div class=\"elementor-row\">\n\t\t\t\t\t<div class=\"elementor-column elementor-col-100 elementor-top-column elementor-element elementor-element-33391e3\" data-id=\"33391e3\" data-element_type=\"column\">\n\t\t\t<div class=\"elementor-column-wrap elementor-element-populated\">\n\t\t\t\t\t\t\t<div class=\"elementor-widget-wrap\">\n\t\t\t\t\t\t<div class=\"elementor-element elementor-element-9c34fef elementor-widget elementor-widget-spacer\" data-id=\"9c34fef\" data-element_type=\"widget\" data-widget_type=\"spacer.default\">\n\t\t\t\t<div class=\"elementor-widget-container\">\n\t\t\t\t\t<div class=\"elementor-spacer\">\n\t\t\t<div class=\"elementor-spacer-inner\"><\/div>\n\t\t<\/div>\n\t\t\t\t<\/div>\n\t\t\t\t<\/div>\n\t\t\t\t<div class=\"elementor-element elementor-element-8f27160 elementor-widget elementor-widget-text-editor\" data-id=\"8f27160\" data-element_type=\"widget\" data-widget_type=\"text-editor.default\">\n\t\t\t\t<div class=\"elementor-widget-container\">\n\t\t\t\t\t\t\t\t<div class=\"elementor-text-editor elementor-clearfix\">\n\t\t\t\t<p><em>\u00ab \u00c0 la Clinique de Physio-Sant\u00e9 de Sherbrooke, nous accompagnons nos patients dans la compr\u00e9hension de leurs troubles musculosquelettiques. Gr\u00e2ce \u00e0 une \u00e9valuation compl\u00e8te et un diagnostic pr\u00e9cis en physioth\u00e9rapie, nous collaborons avec vous pour favoriser une r\u00e9cup\u00e9ration rapide et efficace.<\/em><br \/><em>Un traitement adapt\u00e9, des conseils avis\u00e9s et des exercices cibl\u00e9s : voil\u00e0 la cl\u00e9 d\u2019une gu\u00e9rison r\u00e9ussie!\u00bb\u00a0<\/em><\/p>\t\t\t\t\t<\/div>\n\t\t\t\t\t\t<\/div>\n\t\t\t\t<\/div>\n\t\t\t\t\t\t<\/div>\n\t\t\t\t\t<\/div>\n\t\t<\/div>\n\t\t\t\t\t\t\t\t<\/div>\n\t\t\t\t\t<\/div>\n\t\t<\/section>\n\t\t\t\t\t\t\t\t\t<\/div>\n\t\t\t<\/div>\n\t\t\t\t\t<\/div>\n\t\t","protected":false},"excerpt":{"rendered":"<p>Mathieu Jett\u00e9, votre physioth\u00e9rapeute \u00e0 Sherbrooke \u00e0 la Clinique Physio-Sant\u00e9, le centre de physioth\u00e9rapie par excellence. Puncture physioth\u00e9rapique.<\/p>\n","protected":false},"author":1,"featured_media":1564,"parent":0,"menu_order":0,"comment_status":"closed","ping_status":"closed","template":"elementor_header_footer","meta":[],"aioseo_notices":[],"_links":{"self":[{"href":"https:\/\/www.cliniquephysiosante.com\/physiotherapie\/wp-json\/wp\/v2\/pages\/203"}],"collection":[{"href":"https:\/\/www.cliniquephysiosante.com\/physiotherapie\/wp-json\/wp\/v2\/pages"}],"about":[{"href":"https:\/\/www.cliniquephysiosante.com\/physiotherapie\/wp-json\/wp\/v2\/types\/page"}],"author":[{"embeddable":true,"href":"https:\/\/www.cliniquephysiosante.com\/physiotherapie\/wp-json\/wp\/v2\/users\/1"}],"replies":[{"embeddable":true,"href":"https:\/\/www.cliniquephysiosante.com\/physiotherapie\/wp-json\/wp\/v2\/comments?post=203"}],"version-history":[{"count":53,"href":"https:\/\/www.cliniquephysiosante.com\/physiotherapie\/wp-json\/wp\/v2\/pages\/203\/revisions"}],"predecessor-version":[{"id":1812,"href":"https:\/\/www.cliniquephysiosante.com\/physiotherapie\/wp-json\/wp\/v2\/pages\/203\/revisions\/1812"}],"wp:featuredmedia":[{"embeddable":true,"href":"https:\/\/www.cliniquephysiosante.com\/physiotherapie\/wp-json\/wp\/v2\/media\/1564"}],"wp:attachment":[{"href":"https:\/\/www.cliniquephysiosante.com\/physiotherapie\/wp-json\/wp\/v2\/media?parent=203"}],"curies":[{"name":"wp","href":"https:\/\/api.w.org\/{rel}","templated":true}]}}